 m be (-2 + 2)/((-1)/j). What is the remainder when 33 is divided by 1 + m + 16 + 0?
16
Let q be -1 + 4/2 + -2. Let f be q - (0 + -3) - 0. Suppose -3*r + f*r = -15. Calculate the remainder when r is divided by 8.
7
Calculate the remainder when 3*((-740)/(-6))/5 is divided by 15.
14
Let k(y) = y**2 + 9*y + 3. Let s be k(-10). Let m = 23 - s. What is the remainder when 1 + (31 - 2) - 2 is divided by m?
8
Let i = -92 - -131. What is the remainder when i is divided by 21?
18
Let n(h) be the second derivative of -h**3/6 - h. Let z be n(-5). Suppose -4 = y - 1, -z*m + 5*y = -45. What is the remainder when m is divided by 4?
2
Suppose -2*o = 10, 2*z - 19 = -2*o + 25. What is the remainder when z is divided by 10?
7
Let g(r) = -r + 32. What is the remainder when 85 is divided by g(14)?
13
Suppose 5*k + 143 = -0*g + 2*g, 0 = 4*g + 2*k - 226. Calculate the remainder when g is divided by 20.
19
Let y = 8 + 1. Suppose -3*s = -66 - y. Suppose 3*z = -3*i + 24, -z - z - 5*i + s = 0. Calculate the remainder when 8 is divided by z.
3
Suppose 48*x - 47*x - 49 = 0. What is the remainder when x is divided by 17?
15
Let b be (4/5)/(6/75). Let n be ((-9)/(-3))/(6/b). Calculate the remainder when (-148)/(-5) - (-2)/n is divided by 16.
14
Let l = -8 + 15. Calculate the remainder when 48 is divided by l.
6
Suppose z = -0*z + 5, -28 = -2*t - 4*z. Let g = 16 - t. Calculate the remainder when (34/3)/(4/g) is divided by 12.
10
Let g(p) = p**3 + 17*p**2 + 15*p - 9. Let h be g(-16). Suppose z - 19 = h. Suppose -15 = 4*j - 51. Calculate the remainder when z is divided by j.
8
Let n(u) = 3*u**2 - 2*u - 1. Let l be n(-3). Suppose 4*w + m - 65 = 0, 2*w - 23 = -5*m + l. Let r = -61 - -89. What is the remainder when r is divided by w?
13
Let z = -7 + 12. Suppose -l + 11 = x, 13*l - 18*l = 2*x - 46. What is the remainder when l is divided by z?
3
Suppose 4*a + 18 - 6 = 0. Calculate the remainder when (20 - -1)/a*-15 is divided by 27.
24
Let x be (1 - -1) + 3 - 2. Let m = 18 - x. What is the remainder when 28 is divided by m?
13
Let d(y) = 2*y**2 - 3*y - 6 + 1 + 2*y**2 - 3*y**2. What is the remainder when d(7) is divided by 12?
11
Let y be (-3)/(-6) + (-14)/4. What is the remainder when 15 is divided by (0 - -9) + (-4 - y)?
7
Let s = -34 + 74. Let f = s + -8. Suppose 3*l - 3*r + 23 = 4*l, 3*l + 2*r = 41. Calculate the remainder when f is divided by l.
10
Suppose -3*k - 6 = 0, 3*t - 141 = -4*k + 40. Let q(u) = u + 3. Let l be q(-4). What is the remainder when t is divided by (-16)/(-1 - (1 + l))?
15
Let m(r) = 7*r - 10. Calculate the remainder when m(19) is divided by 25.
23
Let j be (-2 + -2)*(-2 + -1). Suppose -4*o + j = -0*o. Calculate the remainder when o is divided by 3.
0
Let q = -14 + 12. Let b = 12 - q. Calculate the remainder when 54 is divided by b.
12
Suppose h + 2 + 6 = 0. Suppose -5*b = -6 - 69. Calculate the remainder when 258/(-4)*h/12 is divided by b.
13
Let l = 42 + -14. What is the remainder when 110 is divided by l?
26
Suppose 0 = -g + 4*n - 2*n - 4, -3*n - 15 = -5*g. Let k(l) = l + 10. Let r be k(-7). Suppose -r*v + 51 = 18. What is the remainder when v is divided by g?
5
Suppose -19*a - 10 = -21*a. Calculate the remainder when 9 is divided by a.
4
Let l(g) = -g. Calculate the remainder when 17 is divided by l(-6).
5
Let c = 111 - 73. What is the remainder when c is divided by 22?
16
Let o be 1/((1/(-4))/(-1)). Calculate the remainder when (-157)/(-4) - 1/o is divided by 10.
9
Suppose -o + 4*b + 7 = 0, 4*o - 3*o - 2 = -b. Suppose -o*j = -8 - 1. What is the remainder when -2 + 0 + 0 + 9 is divided by j?
1
Suppose -2*n - 5 = 9. What is the remainder when 33 is divided by (-8)/(n/(-3) - 3)?
9
Suppose 0 = 2*n - 6*n - 2*t + 72, 4*t - 42 = -2*n. Suppose -3*b - 70 = 2*b. Let r = b - -20. Calculate the remainder when n is divided by r.
5
Let n(z) = z**3 - 4*z**2 - 5*z - 1. Let r be n(5). What is the remainder when 19 is divided by 88/4*r/(-2)?
8
Let q(s) = 2*s**3 - 5*s**2 + 2*s - 1. Suppose 0 = u - 5 - 50. What is the remainder when u is divided by q(3)?
13
Let a be 1/(3/24*4). Let k = 19 + -8. Calculate the remainder when -1*1*(a + -33) is divided by k.
9
Calculate the remainder when 35 is divided by 3/(-12) - (-200)/32.
5
Suppose -20*d = -16*d - 8. What is the remainder when 9 is divided by d?
1
What is the remainder when (-12)/(6 + -3) - -23 is divided by 5?
4
Suppose 4*y - 53 = 39. Calculate the remainder when 52 is divided by y.
6
Let o(m) = 7*m**3 - m**2 + m - 1. Let t be o(1). Suppose -2*f + 3*f - 4*u - 14 = 0, 4*u = -3*f - t. Calculate the remainder when 5 is divided by f.
1
Suppose y + y - 56 = 0. Suppose -y = -4*d - 4. What is the remainder when (-34)/(-4)*(4 + -2) is divided by d?
5
What is the remainder when 18 is divided by 4*(15/3 + -4)?
2
Suppose -3*n - 12 = t - 113, 2*n = 2*t + 62. Let m = -18 + n. Suppose 5*w + m = 85. What is the remainder when 41 is divided by w?
13
Let f = -3 + 8. Let n(x) = 2*x - 1. Let t be n(1). Suppose -5*d + 4*d - t = 2*a, 0 = 4*a + 20. What is the remainder when d is divided by f?
4
Let h = 17 - 7. Calculate the remainder when 35 is divided by h.
5
Let q = 11 - 6. What is the remainder when 22 is divided by q?
2
Suppose -r - 4*r = 35. Let u(i) = 5*i**2 - 2*i - 2. Let k(m) = 9*m**2 - 4*m - 3. Let l(d) = r*u(d) + 4*k(d). What is the remainder when 33 is divided by l(-3)?
16
Suppose -x + b + 47 = x, -3*x + b + 73 = 0. What is the remainder when 99 is divided by x?
21
Let s = 26 - 7. Calculate the remainder when s is divided by 10.
9
Let a be 2*3/((-3)/2). Let u = a - -13. Suppose 10 = 4*h - 2*h. Calculate the remainder when u is divided by h.
4
Let i(j) = j**3 + 6*j**2 + 4*j + 3. Let b be 13 + 8 - (1 - 0). Suppose 3*w = -w - b. Calculate the remainder when i(w) is divided by 3.
2
Let g = 101 - 84. What is the remainder when g is divided by 8?
1
Let j(p) = -4*p + 2. What is the remainder when 33 is divided by j(-4)?
15
Let h(j) be the third derivative of -j**4/4 - 5*j**3/2 - 2*j**2. Calculate the remainder when 42 is divided by h(-5).
12
Suppose -2*x - x = -6. Let j be (2/x)/(2/10). Suppose -59 = -j*n + 36. Calculate the remainder when n is divided by 7.
5
Let w(k) = -k + 1. Let a be w(1). Suppose -4*u - 17 + 77 = a. Calculate the remainder when 29 is divided by u.
14
Suppose -s - s + 16 = 4*a, 0 = 3*a - 3*s - 12. Let g = a - -5. What is the remainder when 25 is divided by g?
7
Suppose 0 = 6*z - 4*z - 18. Let m(x) = -x**3 + 8*x**2 + 9*x + 7. What is the remainder when 23 is divided by m(z)?
2
Suppose 4*j - 3*j - 24 = 0. Suppose -3*n + 5*q = -213, 2*n - q = 155 - 13. Calculate the remainder when n is divided by j.
23
Suppose 0 = 3*f - 7*f - 2*v + 146, 2*v = -2*f + 72. Calculate the remainder when 71 is divided by f.
34
Suppose -4*b - 92 = -0*b. Let z = 15 + b. What is the remainder when 10 is divided by (z/(-6))/(6/27)?
4
Let z = 127 + -75. Calculate the remainder when z is divided by 14.
10
Let a = 2 + -2. What is the remainder when 2*(42/4 + a) is divided by 11?
10
Let x = -2 + 7. Suppose -g - 24 = -3*k, 2*k + g + 2*g = x. Suppose -i - 16 = -k*q + 3*q, q + 4*i = 4. What is the remainder when 7 is divided by q?
3
Let n = 23 - -1. Calculate the remainder when 69 is divided by n.
21
Let u be (-3 + 2 - -2) + 2. Suppose -u*q = 2*q + 3*s - 9, s - 10 = -4*q. Suppose -d - q*d + 8 = 0. Calculate the remainder when 5 is divided by d.
1
Suppose -194 - 226 = -4*x. Let d = -58 + x. What is the remainder when d is divided by 14 - -1*(0 + 2)?
15
Let a(t) = t**3 - 2*t**2 - 4*t - 3. Suppose 4*k - 3*g = -2, -5*g + 4 = -5*k - 1. Let i = k - -17. Calculate the remainder when a(5) is divided by i.
16
Suppose 5 = i - 11. Let t = i - 8. What is the remainder when 31 is divided by t?
7
Let i(r) = -11*r - 1. Let t be i(-5). Let u(w) = -27*w + 4. Let b be u(-1). Let q = t - b. Calculate the remainder when q is divided by 12.
11
Suppose -24 = -q - 0*q. Let j = 8 - 4. Suppose 2*u + 5*o - 36 = 0, -j*u + 60 = -o + 10. Calculate the remainder when q is divided by u.
11
Suppose -a = -2*a + 26. Calculate the remainder when 309 is divided by a.
23
Let j = 147 + -51. What is the remainder when j is divided by 25?
21
Let r = 1 + -1. Suppose 0 = -h - r*h + 19. Calculate the remainder when h is divided by 11 + 1 - (1 + 1).
9
Let d = 3 - -15. Suppose -7*f = -74 - 1